 -1222201202000?
-1222201211212
In base 13, what is -34c7 - -296a?
-85a
In base 15, what is -e9c24 - -104?
-e9b20
In base 13, what is c4b + 1524?
2472
In base 15, what is -720e + -15?
-7224
In base 16, what is -957531 - 3a?
-95756b
In base 6, what is 25534 - -140040?
210014
In base 2, what is 0 - -11110010011011110000100?
11110010011011110000100
In base 3, what is -1120 - 10022110121112?
-10022110200002
In base 7, what is 303656310 + 5?
303656315
In base 7, what is 505 + -41633156?
-41632351
In base 2, what is -1 - 1100011011110100011101101011?
-1100011011110100011101101100
In base 10, what is -2 + -4928106?
-4928108
In base 9, what is 127483 - -1?
127484
In base 16, what is 3 - -af4e7?
af4ea
In base 2, what is 0 - -110101011101011101100011?
110101011101011101100011
In base 16, what is -1c4b + 2aa?
-19a1
In base 6, what is -2 + 312325422?
312325420
In base 12, what is 56 + 30617?
30671
In base 15, what is -ceb57 + 2c3?
-ce884
In base 9, what is 84 - 12401020?
-12400825
In base 11, what is 23 + -83a181?
-83a159
In base 13, what is c12882 - -10?
c12892
In base 2, what is -101110010111001001111011 - -1011011?
-101110010111001000100000
In base 2, what is -11 - -101011111111000000011101?
101011111111000000011010
In base 14, what is 8c47 + 19d1?
a838
In base 11, what is -76 + -104141?
-104207
In base 10, what is 4 + -134997783?
-134997779
In base 4, what is -1202020000 - 321?
-1202020321
In base 11, what is -4a28a - 346?
-4a625
In base 16, what is -12 + 8115e?
8114c
In base 12, what is 403b8 + -10?
403a8
In base 7, what is -2024252364 - 3?
-2024252400
In base 2, what is -11010110010001101011000001 - 0?
-11010110010001101011000001
In base 15, what is 2 - 6db74a8?
-6db74a6
In base 16, what is 4 - afbf01?
-afbefd
In base 13, what is 13c + -7b892?
-7b753
In base 3, what is 2101220011202 + 2010?
2101220020212
In base 16, what is -12 - -2a522?
2a510
In base 11, what is 2 - 3787944?
-3787942
In base 14, what is -1b4bbc976 + 5?
-1b4bbc971
In base 5, what is 442432 - 404?
442023
In base 8, what is -31 + -2462136?
-2462167
In base 3, what is 1001110001202 + -1001?
1001110000201
In base 10, what is 7985413 + -1?
7985412
In base 2, what is -10001011101011011 + -1000?
-10001011101100011
In base 7, what is -1122642436 - 1?
-1122642440
In base 12, what is -5633898 - -2?
-5633896
In base 13, what is 5 + -327465?
-327460
In base 8, what is -16055 - -71505?
53430
In base 6, what is -554331510 + 1?
-554331505
In base 2, what is 10011011011101 - -10101011010?
10110000110111
In base 13, what is 102c36 + -692?
102574
In base 8, what is 2 + 407545063?
407545065
In base 9, what is -273 + -28042?
-28325
In base 4, what is -20 + -1330000333?
-1330001013
In base 11, what is -37 + 114378?
114341
In base 14, what is -1967c3 + -3?
-1967c6
In base 16, what is 45e + -3139?
-2cdb
In base 16, what is 7214fb - 20?
7214db
In base 3, what is 102021020110220 - -1?
102021020110221
In base 3, what is -12201011102 + 2102?
-12201002000
In base 10, what is -1347 - -2746?
1399
In base 15, what is 2 - 42a7513?
-42a7511
In base 4, what is 211203 - 31002?
120201
In base 3, what is -10022220110 + 10021?
-10022210012
In base 16, what is 91 + a643?
a6d4
In base 2, what is -1000001100110001001110101 + 100?
-1000001100110001001110001
In base 4, what is -3200001113 - 20?
-3200001133
In base 5, what is 1233330200320 + 4?
1233330200324
In base 15, what is 0 - 220c598?
-220c598
In base 12, what is 221b - -1a2?
2401
In base 6, what is -3154 - -20101232?
20054034
In base 10, what is 9834879 + 4?
9834883
In base 3, what is -21 + -1211202022101?
-1211202022122
In base 7, what is -231 - -62030?
61466
In base 4, what is -1220131023 - -110?
-1220130313
In base 10, what is -231260 - 7?
-231267
In base 11, what is 489450637 + 5?
489450641
In base 10, what is 7713427 - 3?
7713424
In base 14, what is -4 - 1689ad4?
-1689ad8
In base 10, what is 1793829 - -18?
1793847
In base 6, what is -15 + -211102142?
-211102201
In base 12, what is 3848 - -1282?
4b0a
In base 4, what is 110002022 - -20132?
110022220
In base 14, what is 1135 - -34624?
35759
In base 8, what is -30416 - 17116?
-47534
In base 4, what is 321 - -12010033?
12011020
In base 3, what is 2021101000202 + 121?
2021101001100
In base 11, what is -143 + 13628?
13495
In base 13, what is -4061266b + 4?
-40612667
In base 2, what is -10001110100110 - 1001001100011?
-11011000001001
In base 10, what is -8436578 + -5?
-8436583
In base 3, what is 102211212221 - 10?
102211212211
In base 10, what is 53429 + -57?
53372
In base 16, what is -3 - 5d54b72?
-5d54b75
In base 16, what is 4 + -c4755?
-c4751
In base 16, what is 1f755b5 - -4?
1f755b9
In base 11, what is 1a4388 + 228?
1a4605
In base 14, what is 75800 + -77?
75767
In base 7, what is -2516014 - -23?
-2515661
In base 2, what is 1101001101000000000 - 1111011?
1101001100110000101
In base 14, what is 658c411 - -5?
658c416
In base 16, what is 15 - 151ae?
-15199
In base 2, what is 10001100100101100010100000 - 10?
10001100100101100010011110
In base 5, what is -3 + -102430344?
-102430402
In base 7, what is 2 + -1632416?
-1632414
In base 5, what is -4404 + -1031240?
-1041144
In base 7, what is -13532302 - -365?
-13531604
In base 4, what is -1 - -22321202202?
22321202201
In base 6, what is 143 + -5500010?
-5455423
In base 11, what is -229266082 - 5?
-229266087
In base 4, what is 103 - 1022303330211?
-1022303330102
In base 5, what is 22212 + -113104423?
-113032211
In base 10, what is -8 + -63173404?
-63173412
In base 4, what is -20020 - -10032000?
10011320
In base 15, what is 2 + 46e83?
46e85
In base 15, what is 23441 + 457c?
279bd
In base 6, what is 1245 - -5310551?
5312240
In base 4, what is -20213023333 + 12?
-20213023321
In base 8, what is 126474 + -12500?
113774
In base 4, what is 31 + 132232021022?
132232021113
In base 7, what is -225 + 2234551?
2234323
In base 10, what is 33081 + -458?
32623
In base 10, what is 34820 - 48?
34772
In base 14, what is 112 + -30a4?
-2d92
In base 10, what is -189 - -470478?
470289
In base 10, what is 0 + -2443216?
-2443216
In base 12, what is -55208 + 430?
-54998
In base 12, what is -18344 + 55a?
-179a6
In base 12, what is -94725 - -29?
-946b8
In base 8, what is -124303 + -45007?
-171312
In base 13, what is 14 + -6270628?
-6270614
In base 3, what is -222200021 - 102201201?
-1102101222
In base 5, what is 31114420 + 41?
31120011
In base 15, what is 28a8c + d?
28a9a
In base 8, what is 27073322 + 3?
27073325
In base 4, what is -303 - 101330101330?
-101330102233
In base 7, what is -5 + 10646456?
10646451
In base 14, what is -3 - -227854a2?
2278549d
In base 7, what is 113314 + 260551?
404165
In base 11, what is -160 + -11139?
-11299
In base 14, what is -2c6 - c08?
-10d0
In base 13, what is 607 - -1b8cb?
1c205
In base 4, what is -1102232132 - 3113?
-1102301311
In base 16, what is 4 - 1739876?
-1739872
In base 3, what is -21122020 - 10212110?
-102111200
In base 6, what is -5 - -14420504404?
14420504355
In base 11, what is -3029198 - 51?
-3029239
In base 14, what is a4 - -b836?
b8da
In base 10, what is 23904154 + -20?
23904134
In base 2, what is 10100110100 + 10011010?
10111001110
In base 6, what is -30122513 + -223?
-30123140
In base 13, what is 39bc - 81c0?
-4501
In base 6, what is -231 + -230401351?
-230402022
In base 16, what is -6ef497 + -3?
-6ef49a
In base 3, what is 22222101110 - -111010?
22222212120
In base 12, what is 775 - -182490?
183045
In base 11, what is -770 - 50a?
-117a
In base 4, what is 211322 - 21303?
130013
In base 4, what is -3012311 + -230211?
-3303122
In base 13, what is 1 + a8710?
a8711
In base 9, what is 3 - 223062138?
-223062135
In base 3, what is -120211002122120000 - -11?
-120211002122112212
In base 7, what is 161 + 10212226?
10212420
In base 2, what is 11 - 10011010010100000111?
-10011010010100000100
In base 14, what is -176 - -391c99?
391b23
In base 4, what is 3121013 - -12012?
3133031
In base 7, what is -4 - 401534566?
-401534603
In base 12, what is 1376725 + 0?
1376725
In base 16, what is -1c3bb - 19?
-1c3d4
In base 14, what is 0 + 10ba043?
10ba043
In base 4, what is 13 + 332322232?
332322311
In base 13, what is 1 - -29a92a7?
29a92a8
In base 6, what is 2500431424 - -23?
2500431451
In base 5, what is 4122231200 + 11?
4122231211
In base 9, what is -1042 + 824?
-117
In bas